e -5*f = 5*c - 415, -2*c - 2*f + 163 = -3*f. Suppose c - 252 = -5*s. What are the prime factors of s?
2, 17
What are the prime factors of (-12)/102 + 376/17?
2, 11
Suppose 4*h = 4*u + 240, h - 60 = u - 6*u. What are the prime factors of h?
2, 3, 5
Let n(w) = w**2 + w + 23. Let z be n(0). Suppose a + i = z, -2*a - i = 2*a - 98. List the prime factors of a.
5
Let i = -3 - -6. Suppose i - 38 = -5*o. What are the prime factors of o?
7
Let q = 8 + 2. List the prime factors of q.
2, 5
Let x(r) = -3*r - 7. Let p be x(-8). Suppose -4*o + p = o + 2*v, -4*o = -5*v - 40. Suppose -o = -k - 4*h + 8, -3*k = h - 39. List the prime factors of k.
13
Suppose -5*m = -r + 1, r - 2*m = -10 + 2. Let j be r/21*(-9)/2. Suppose 4*f - j*l - 15 = -2, 2*l - 3 = f. List the prime factors of f.
7
Suppose 0 = -3*w - 2*w + 200. List the prime factors of w.
2, 5
Let z be ((-6)/(-7))/((-2)/(-14)). Let a(p) = p**3 - 6*p**2 + p - 1. Let w be a(z). Let c = 2 + w. List the prime factors of c.
7
Suppose -b + 17 + 2 = -z, 0 = 5*z + 20. What are the prime factors of b?
3, 5
Let u be 4/6 - 22/6. Let s be u - -4 - (-7)/(-1). What are the prime factors of (1 - 4)*8/s?
2
Let w = 5 + 1. Let c = w + -4. List the prime factors of c.
2
Let m(g) = g - 11. Let j be m(9). List the prime factors of (j + 3)/((-3)/(-78)).
2, 13
Let c(q) = 18*q - 11. What are the prime factors of c(2)?
5
Suppose 0*t = -3*t + 9. Let k = t + -3. Suppose k = -4*i + 44 - 8. List the prime factors of i.
3
Suppose 8*z + 20 = 13*z. Suppose -5*s - z*a = -116, -4*s + 25 + 73 = -2*a. List the prime factors of s.
2, 3
Let i = -9 + 12. List the prime factors of i*((-40)/(-12))/2.
5
Let l be -3*(2 + 8/(-3)). Let y(b) = 3*b - 4*b - l + 8. What are the prime factors of y(-5)?
11
Let k(p) = -9*p**2 - 12*p**2 + 34 - p + p**3 + 20*p**2. What are the prime factors of k(0)?
2, 17
Let r = 7 - 2. Suppose -r*m = -m - 8. What are the prime factors of m?
2
Let l(c) = -c**3 - 7*c**2 - 4*c - 1. Let r be l(-6). Let j = -7 - r. List the prime factors of j.
2, 3
Let n(r) = r**2 - 3*r - 2. Let l be n(3). Suppose -2*h - 32 = -4*d, h + h = -2*d - 2. Let u = l - h. What are the prime factors of u?
2
Suppose 0 = -2*t + 7*t - 5. Let l(n) = 8*n**3 + n**2 - n. What are the prime factors of l(t)?
2
Let q(z) = z**3 - 2*z**2 - 3*z + 2. Let j be q(3). Let v(g) = 8*g + 1. Let a be v(1). Let t = a - j. List the prime factors of t.
7
Let h(p) = 57*p + 3. Let x be h(-3). Let n = x + 75. List the prime factors of (-4)/(-22) + n/(-33).
3
Let l(j) = j**3 + j**2 - 15. Let v be 3/9*(2 + -2). Let q be l(v). List the prime factors of q/9*(-5 - -2).
5
Suppose -7*k + 5*n = -5*k - 128, 4*k - n - 220 = 0. List the prime factors of k.
2, 3
Let s be (-1)/(-5) + (-333)/15. Let d = s + 31. What are the prime factors of d?
3
Let z(f) = f**2 - 5*f + 3. Let d(q) = 4*q**2 - 21*q + 12. Let i(t) = -2*d(t) + 9*z(t). What are the prime factors of i(-3)?
3, 7
Suppose 0 = -15*v + 18*v - 579. What are the prime factors of v?
193
List the prime factors of (-21)/(1 + (-8)/6).
3, 7
Suppose -g + 3*t = -0*t - 15, 3*g = 4*t + 30. List the prime factors of 2/3 + 98/g.
17
Suppose -15 = -3*a, a - 83 = 3*i - 381. Suppose -3*q + 3*j = -0*j + 39, 5*q + 4*j + i = 0. Let x = q + 32. List the prime factors of x.
3, 5
Let i = -18 + 8. Let m be ((-3)/((-3)/(-2)))/(-2). What are the prime factors of 2/(-2) - (m + i)?
2
What are the prime factors of -118 + 436 - (0/(-1) + 2)?
2, 79
Let b(m) be the first derivative of -m**3/3 + 2*m**2 + 3*m + 8. Suppose 32 = 5*y + 12. List the prime factors of b(y).
3
Let x(s) = s + 4. Let u be x(9). Let c = 2 + u. Let r = -8 + c. List the prime factors of r.
7
Let l(m) be the third derivative of m**6/120 - m**5/30 - m**4/4 + m**3/6 - 2*m**2. What are the prime factors of l(4)?
3
Let n(z) = 3*z - 20. List the prime factors of n(11).
13
Let o(k) = 3*k + 1 + k + 0 + 11*k. Suppose 2 = 2*j - 0*j. What are the prime factors of o(j)?
2
Let x = -1 - -3. Let z(l) = l**2 - 3. Let p be z(-3). Let d = p - x. What are the prime factors of d?
2
Let t(h) = h - 3. Let b be t(8). Suppose 0 = -5*z + 4*p - 2 + 23, 0 = z - b*p - 21. Let o = z + 5. List the prime factors of o.
2, 3
Suppose 2*a - 69 = 2*y + 29, a + 3*y = 57. Suppose h + 2*h = a. Let c = h + -12. List the prime factors of c.
5
Let j(c) = c**3 + 6*c**2 - 10*c. List the prime factors of j(-7).
3, 7
Let j = 30 - 21. What are the prime factors of j?
3
List the prime factors of 3 + (-30)/(2/(-1)).
2, 3
Suppose 11*v + 1160 = 31*v. List the prime factors of v.
2, 29
Let g = -6 + 13. List the prime factors of g.
7
Suppose -4*t + 161 = -3*g + 847, 3*g = -3*t + 714. What are the prime factors of g?
2, 3, 13
List the prime factors of 10/(-35) - 457/(-7).
5, 13
Suppose 0 = 4*n + 28. Let v(s) = 0*s - 2*s - 8 + 0. What are the prime factors of v(n)?
2, 3
Let p = -21 - -26. Suppose p*f - 30 = 3*f. List the prime factors of f.
3, 5
Let u be 0 + 4 + -2 + -1. Let l(o) = 4*o - 4. Let b(j) = -7*j + 9. Let i(y) = 3*b(y) + 7*l(y). List the prime factors of i(u).
2, 3
What are the prime factors of (-714)/(-8) - (-10)/(-8)?
2, 11
Let r = -17 - -143. What are the prime factors of r?
2, 3, 7
Let v = 4 + -7. Let y be 2/v*(1 - 4). Let k = y - -1. List the prime factors of k.
3
List the prime factors of -96*(5/4 - 2).
2, 3
Let q = -12 - -22. Let z = q - 7. What are the prime factors of z?
3
Let r(x) = 7*x + 1. List the prime factors of r(4).
29
Let z = -188 - -268. Suppose 4*q - 4*b - z = 12, 2*q - 44 = 3*b. What are the prime factors of q?
5
Let f = 536 - 218. List the prime factors of f.
2, 3, 53
Suppose -130 + 334 = 3*o. What are the prime factors of o?
2, 17
List the prime factors of 448/9 - 6/(-27).
2, 5
What are the prime factors of ((-5)/(-10))/((-1)/(-164))?
2, 41
Let a(j) = j**2 - j + 4. Let m be 68/18 - (-6)/27. What are the prime factors of a(m)?
2
Suppose 3*x - 21 = -3*y, -7 + 2 = -x. Let w be (12/9)/y*12. Suppose w*l - 5*l - 42 = 0. What are the prime factors of l?
2, 7
Let n(x) = -4*x + 4. Let l be n(-4). Let z be (-2)/9 + (-345)/27. Let b = z + l. What are the prime factors of b?
7
Suppose -3*b = 2*b - 110. What are the prime factors of b?
2, 11
Let p be 4 + 2 + -3 + 2. Let n(b) = 2*b**2 - 2*b - 5. What are the prime factors of n(p)?
5, 7
What are the prime factors of ((-32)/(-48))/(4/138)?
23
Suppose 5*h - 1284 - 110 = -3*b, -5*h - 5*b = -1400. What are the prime factors of h?
277
Let r = 41 + 147. What are the prime factors of r?
2, 47
Suppose 4*f = 1142 - 154. List the prime factors of f.
13, 19
List the prime factors of (-2)/(4/20 - (-249)/(-1095)).
73
Let z(i) = -5*i**3 - 5*i**2 + 10*i + 5. Let a(n) = -n**3 + n. Let w(t) = -4*a(t) + z(t). Let j = -10 + 4. List the prime factors of w(j).
5
Suppose 3*g = -2*m + 62, m - 58 = -m - 5*g. Let f = m - 12. List the prime factors of f.
2, 11
Let u(d) = -2*d**3 - 4*d**2 - 9*d + 13. List the prime factors of u(-5).
2, 13
Let c(z) = z**3 - 6*z**2 + 6*z - 1. List the prime factors of c(6).
5, 7
Suppose 1 + 27 = l. List the prime factors of l.
2, 7
Suppose 2*s + 3*n = -2, -5*s + 4 = -4*n - 14. Let t be (16/(-20))/(s/(-50)). Suppose -4*a + t = -0*a. What are the prime factors of a?
5
Let w be (-3)/(-2)*(-372)/18. Let t = w - -67. What are the prime factors of t?
2, 3
Suppose -91 = -4*j + 65. What are the prime factors of j?
3, 13
Let p = 6 + -2. Suppose k = -0*k - 5, p*h - 84 = 4*k. What are the prime factors of h?
2
Let k be (-2)/4 - 111/(-6). Let j = 5 - 5. List the prime factors of (-1 - j)/((-6)/k).
3
Suppose -2*u - j + 271 = 0, -2*u + 0*j + 261 = -j. List the prime factors of u.
7, 19
Let j(a) = a**2 + a - 3. Let x(w) = -1. Let v(y) = 3*j(y) - 5*x(y). List the prime factors of v(-4).
2
Let q(t) = -3*t**3 + 2*t**2 + 2*t + 3. Let s(k) = 2*k + 16. Let c be s(-9). What are the prime factors of q(c)?
31
Suppose 0*f - f = 4*r - 19, 0 = 4*r - 3*f - 23. Let h be r/(-1 + -2 - -2). Let b(d) = -2*d - 2. What are the prime factors of b(h)?
2
Suppose -2*g = -3*f + 3*g - 7, g - 1 = f. Let w be (1 - 0)/((-1)/4). Let t = f - w. List the prime factors of t.
5
Let r be 2/4 + (-9)/6. Let c be (-9)/(-6)*(r + 11). Let x = c - 5. List the prime factors of x.
2, 5
Suppose -8*k = 10*k - 2088. List the prime factors of k.
2, 29
Let r(m) = -m**3 + 6*m**2 + 4*m - 6. List the prime factors of r(5).
3, 13
Let n(a) = -a 